and k?
7
Let w(y) = 2*y**2 - 8*y + 8. Let g be w(8). Let a = 8 + 0. Calculate the greatest common divisor of a and g.
8
Let u be 7/(-42) - (-1)/6. Suppose o = -u*o + 2. What is the greatest common divisor of 18 and o?
2
Let l be -2*3/(-27) - 266/(-18). Calculate the highest common divisor of l and 25.
5
Suppose 4*r + 2 = 114. Let w(s) = s**3 - s**2 + s + 16. Let d be w(0). Let q = r - d. Calculate the greatest common divisor of q and 60.
12
Let s = 7 - -13. Calculate the greatest common factor of 80 and s.
20
Let n be (-2)/(-1)*20/8. Suppose -2*h = h - 4*s + n, h - 2*s - 1 = 0. Let o = 9 + h. Calculate the highest common factor of o and 3.
1
Suppose -4*y = y - 5*o - 5, -3*o = 5*y - 13. Calculate the highest common factor of y and 38.
2
Let b be (160/6)/(6/18). Suppose 2*i + 4*d = 8, -5*i = 2*d - 4*d - b. Calculate the highest common factor of i and 14.
14
Let r(p) = p**3 + 21*p**2 + 30*p + 55. Let m be r(-19). Calculate the highest common divisor of m and 23.
23
Let r be 6/(-21) + 2232/21. Suppose 2*t + 0*t = -42. Let c = r + t. Calculate the greatest common factor of 17 and c.
17
Let f = 69 + -40. Calculate the greatest common divisor of 203 and f.
29
Let x be (-104 - -4)/((2 + 2)/(-2)). Calculate the greatest common divisor of x and 40.
10
Let f(d) = -d**3 - 4*d + 1. Let p be f(-3). Calculate the highest common factor of 5 and p.
5
Let n = 577 + -324. What is the highest common factor of n and 23?
23
Let j(v) = v - 2. Let n be j(1). Let i be (n/3 + 0)*3. Let t be i/4 - 161/(-4). Calculate the highest common divisor of 5 and t.
5
Let t be (-9 - 0)*(-15 + 12). Suppose 0 = -2*z + 20 + 16. What is the highest common factor of t and z?
9
Suppose -5*t - 132 + 682 = 0. Calculate the greatest common divisor of t and 44.
22
Let o = 94 + -52. What is the highest common divisor of 6 and o?
6
Suppose 73 = s + 2*n, s + 28 - 106 = 3*n. What is the greatest common factor of s and 25?
25
Let z be (-2)/5*(-4 + -1). Suppose -2*p - 16 = -3*a, 4*a - 5*a = 2*p. Let b be 23/5 + a/10. What is the greatest common factor of b and z?
1
Let s(d) = 3*d - 43. Let b be s(15). Calculate the highest common divisor of b and 62.
2
Suppose 24*v - 22*v - 36 = 0. Calculate the highest common factor of 27 and v.
9
Let t = 9 - 4. What is the greatest common factor of t and 5?
5
Let b = -91 - -115. Calculate the highest common divisor of b and 120.
24
Suppose 6 = 5*k + 31, 139 = 2*f + k. What is the highest common factor of f and 9?
9
Let o(y) = 2*y + 2*y**2 + 10 - 3*y**2 - 4*y - 4*y. Let p be o(-6). Calculate the greatest common factor of 90 and p.
10
Let l = -1 + 4. Suppose 6 = 2*t + t. Suppose -5*h + 3*x + 89 = 0, -l*x - t + 8 = 0. Calculate the highest common divisor of 76 and h.
19
Let s = -42 - -24. Let w = s + 31. Let d be 107 + -1 + (-3 - -1). Calculate the greatest common factor of w and d.
13
Let y(o) = 64*o - 3. Let c be y(3). Let w = 81 + -54. What is the greatest common factor of w and c?
27
Let k(x) = -55*x**3 - 1. Let f be k(-1). Let y = f - -81. What is the greatest common factor of 15 and y?
15
Let k(z) = -z**3 + z**2 + z. Let q(t) = 10*t**3 - 6*t**2 - 6*t + 2. Let b(w) = -8*k(w) - q(w). Let x be b(-2). What is the greatest common divisor of 4 and x?
2
Let r(y) = 2*y + 4. Let a be r(8). Calculate the greatest common factor of a and 140.
20
Let g(f) = -5*f - 2. Let p be g(-3). Suppose -2*d + 5*d - 28 = -y, -y - 5*d + 38 = 0. Calculate the highest common factor of p and y.
13
Let g be (-1)/(23/(-11) + 2). What is the greatest common factor of g and 1?
1
Suppose 2*t + 2*b = 80, 5*t = 4*t + b + 32. What is the highest common divisor of t and 24?
12
Let s be (-71)/(-4) + (26/8)/13. Calculate the highest common divisor of s and 45.
9
Suppose v = -5*y + 11 - 1, -70 = -3*v - 5*y. What is the greatest common divisor of 6 and v?
6
Let o(n) = n**2 - 8*n - 13. Let i be o(9). Let t be ((-15)/10)/(2/i). Let c be 67/t - 2/6. Calculate the highest common factor of 55 and c.
11
Suppose 4*n = -2*q + 10, 3 = -q + n + 2. Let f(h) = h**2 - 4*h + 4. Let c be f(3). Let d = 9 - c. Calculate the greatest common factor of q and d.
1
Let o(g) = 27*g + 1. Let m be o(1). What is the greatest common divisor of 28 and m?
28
Let t(h) = -h**2 + 3*h + 6. Let b be t(6). Let v = 30 - b. Calculate the greatest common factor of v and 6.
6
Suppose 28 = w - 5*v, -5*w - v + 2*v = -20. Suppose 3*n - r = n + 213, -w*r = 5*n - 505. Calculate the greatest common divisor of n and 26.
26
Let h be (-6)/(-16) - (-14147)/56. What is the greatest common divisor of 23 and h?
23
Let j = -1 - -10. Suppose j*d - 145 = 4*d. What is the highest common divisor of 232 and d?
29
Let l be (3 - -1) + 55 + -3 + -3. What is the highest common factor of l and 371?
53
Let p(m) = 15*m**3. Let j be p(-1). Let k be (-1)/(-3) + (-235)/j. What is the highest common divisor of k and 8?
8
Suppose -n + 42 + 42 = 0. Let i be (-6)/15 + (-186)/(-15). What is the highest common divisor of i and n?
12
Suppose -a + 4 = -14. Let n be (-42)/(-9) - 4/(-12). Suppose -5*j + v - 5*v + 23 = 0, -n*v + 16 = 2*j. What is the highest common divisor of j and a?
3
Suppose 5*x + 5 = 0, -o + 3*x + 60 + 23 = 0. What is the greatest common divisor of o and 16?
16
Let s(p) = 23*p**3 - 2*p**2 + p. Let h be s(1). Suppose -5*c = -4*u - h - 32, 2 = -2*u. Calculate the greatest common divisor of 90 and c.
10
Suppose 3*t + 2*f - 23 = 3*f, -2*t = -3*f - 20. What is the highest common factor of t and 63?
7
Let x(l) = l**2 - 3*l + 7. Let q be x(-9). What is the greatest common factor of q and 5?
5
Let u = -28 + 38. Calculate the greatest common factor of 4 and u.
2
Let v = -37 + 93. What is the highest common factor of 7 and v?
7
Suppose g = -0*g + f + 17, -68 = -4*g + 3*f. Suppose -1 = -3*l + 560. What is the greatest common divisor of l and g?
17
Let o be -15 + 9/6*2. Let a be o/(-18) - 4/(-3). What is the greatest common factor of a and 22?
2
Let m be ((-20)/2)/(5/(-535)). Suppose -5*s + 3*s + m = 0. Suppose 5*y = -3*l + 2*l + 547, s = 5*y + 5*l. What is the greatest common divisor of 10 and y?
10
Suppose -95 = 8*w - 3*w + 2*f, -2*f + 10 = 0. Let b = -11 - w. What is the highest common factor of b and 30?
10
Let p be (32*-1)/(-2) + -4. Suppose -5*h + h = -p. Calculate the highest common divisor of 1 and h.
1
Let o(u) = 106*u + 2. Let q be o(1). Calculate the greatest common factor of 12 and q.
12
Let p = 45 + -25. What is the highest common divisor of p and 5?
5
Suppose 0 = -4*a + 3*a. Suppose a = h + 10. Let g be (252/h)/(6/(-20)). What is the highest common factor of 12 and g?
12
Let j(q) = 5*q**2 + 2. Let d be j(2). Calculate the highest common factor of 55 and d.
11
Let g = 7 - 3. Suppose 4*f + 2*u - 228 = -0*f, 2*u = g*f - 228. What is the highest common factor of 38 and f?
19
Let g = 75 + -115. Let c be 1300/6 + 2/(-3). Let n = g + c. Calculate the highest common divisor of n and 16.
16
Let h(j) = j**2 - 6*j - 7. Let f be h(9). Calculate the greatest common divisor of 60 and f.
20
Let g(k) = -k**3 - 6*k**2 - 3*k - 2. Let x be g(-5). Let h = 38 - x. Let f = h + -34. Calculate the greatest common factor of f and 40.
8
Let c(u) = -3*u**2 - u + 1. Let i be c(-2). Let y be (-20)/i - (-6)/(-27). What is the highest common factor of y and 14?
2
Suppose -3*l = -h + l + 22, 25 = 5*h - 3*l. Suppose -2*r + 5*n = -29, r + 17 = h*r - 5*n. Let c = -51 - -81. What is the highest common divisor of r and c?
6
Let x(d) = d**2 - 8*d - 7. Let g be x(11). Suppose 4*i = -2*f - 78, -i = -2*f - 45 - 8. Let n = f - -94. Calculate the highest common divisor of g and n.
13
Let s(w) = -w**2 - w. Let p be s(2). Let c = p + 7. What is the greatest common divisor of 11 and c?
1
Let g(r) = -6*r**3 - 4. Let w be g(-2). Let d(y) = -y**3 - 4*y**2 - 6*y - 2. Let k be d(-4). Calculate the greatest common factor of w and k.
22
Let q(x) be the third derivative of x**4/8 + x**3/3 - 2*x**2. Let l be q(6). Suppose -5*z - 30 + 280 = 0. Calculate the highest common divisor of l and z.
10
Suppose 0 = -3*y + 6 + 3. Suppose 5*g = -w + y*w + 84, g + w = 21. What is the highest common divisor of g and 27?
9
Suppose -7*q + 3*q + 52 = 0. Let h = 13 + 78. What is the greatest common factor of q and h?
13
Let x(i) = 2*i**2 - 1. Suppose 5*o = 2*y + 8, -4*o = -0*o - 5*y - 3. Let l be x(o). What is the highest